ed by (-1 - 6)/(1*(-3 + 2))?
5
Let v = 11 + 29. Calculate the remainder when v is divided by 21.
19
Suppose 4*s - 20 = -2*l, 5*s - l - 3*l = 51. Calculate the remainder when s is divided by 3 + 1 + 2/(-2).
1
Suppose -4*p + 22 = 2*o, 3*p + 9 = -0. Let d(l) = l**2 + 2*l - 11. Let q be d(9). Let y = q - 40. What is the remainder when y is divided by o?
14
Suppose -5*j = -m + 81, -4*m - 4*j = -231 - 141. Calculate the remainder when m is divided by 31.
29
Let x(j) = -j**2 + 6*j - 3. Let k be x(5). Suppose 3*a = 3 + 3. What is the remainder when a is divided by (2/(-4))/(k/(-4))?
0
Suppose 4*q = -q + 5, -5*q = -2*k + 35. Suppose -2*w = 2*d - 5*w + 14, -w - 22 = 2*d. Let n = d + 21. What is the remainder when k is divided by n?
9
Let q(r) = 4*r**2 - 2*r**2 + 0*r**2. Let y be q(-2). Suppose 0 = -5*g + y + 12. What is the remainder when 10 is divided by g?
2
Let g be (4/10)/((-7)/(-35)). Suppose g*t - 3*n = 6*t - 51, -n = -5*t + 59. Calculate the remainder when 22 is divided by t.
10
Suppose -2*n = -4*i + 11 + 69, 3*i + n = 55. Calculate the remainder when 92 is divided by i.
16
Suppose -4*q + 0*q = -20. Suppose -q*t - 4*w = -26, -3*t = -t - 5*w + 16. Suppose -7*c + 28 = -3*c. Calculate the remainder when c is divided by t.
1
Suppose -922 = -13*w - 90. What is the remainder when w is divided by 21?
1
Let f(w) = -w**3 - 7*w**2 + 7*w + 10. Let j be f(-8). Suppose 6 = 2*v - j. What is the remainder when 47 is divided by v?
11
Suppose 36 = g - 5*x - 0*x, g = 2*x + 30. What is the remainder when 75 is divided by g?
23
Let w = -27 - 0. Let r = w + 47. Suppose 5*l - 23 = -3*p, 0*l + l - 3*p = 19. Calculate the remainder when r is divided by l.
6
Suppose -n + 2*n - 8 = 0. Calculate the remainder when 29 is divided by n.
5
Suppose 10 = -0*p - p. Let a = -7 - p. Suppose 0 = z - 11 - a. What is the remainder when 41 is divided by z?
13
Suppose 7 = -2*x + n + 4*n, -5*n - 11 = -4*x. Suppose 2*k - 20 = -5*z, 0 = -2*k - 3*k. Suppose z*p + 17 = 5*p. What is the remainder when p is divided by x?
8
Let z = 25 - 17. Let m(h) = h**3 - 8*h**2 + h + 7. What is the remainder when 213/5 - z/(-20) is divided by m(8)?
13
Let t(f) = -22*f + 2. Let d be t(-4). Suppose n = -n + d. What is the remainder when 22 is divided by n/6*(-16)/(-10)?
10
Let r(p) = p**3 - 3*p**2. What is the remainder when 63 is divided by r(4)?
15
What is the remainder when 1 + (-6 - 2)*(-13)/2 is divided by 18?
17
Suppose -3*s = 3*w + 90, -166 = 5*s - 2*w - w. Let r = 2 - s. Calculate the remainder when r is divided by 18.
16
Let x = 18 + -19. What is the remainder when x/(-1 - 8/(-9)) is divided by 4?
1
Suppose 0 = -2*c + 2*f + 778, -4*c + 7*f + 1560 = 2*f. Suppose -h + c = 4*h. What is the remainder when h is divided by 20?
17
Suppose 49 = 8*s - 31. What is the remainder when 15 is divided by s?
5
Let u = 14 + -7. Calculate the remainder when 9/(-15) + 63/5 is divided by u.
5
What is the remainder when (-1137)/(-12) - ((-21)/(-12) - 2) is divided by 49?
46
Suppose 113 + 109 = 2*w. Calculate the remainder when w is divided by 28.
27
Let u(t) = -7 - 4*t + 7 + 5*t**2 - 2 - t**3. Let g be u(4). What is the remainder when 38 is divided by (-476)/(-36) + g/9?
12
Suppose 0 = -s + 3*k - 17, 3*k - 5 - 18 = 4*s. Let f = 15 + s. What is the remainder when 62 is divided by f?
10
Let n = 2 + -2. Suppose n*b + 3*b - 75 = 0. Suppose 2*s - 4*f = -2, 31 = 4*s - f - 0*f. What is the remainder when b is divided by s?
7
Let p(i) = -17*i - 23. Calculate the remainder when 63 is divided by p(-2).
8
Let c(m) = 2*m**3 - 3*m**2 - m + 3. What is the remainder when c(3) is divided by 10?
7
Suppose 3*u - 14 = u. Let r = 1 + u. Calculate the remainder when 22 is divided by r.
6
Let j(b) = b**3 + 17*b**2 + 36*b + 30. What is the remainder when j(-14) is divided by 9?
6
Suppose -q - 6 = 2*q. Let u be (1/q)/(3/(-18)). Suppose -4*o - 3*g + 62 = 2*g, 3*g = -u*o + 45. Calculate the remainder when o is divided by 5.
3
Let w(g) = g**3 - 2*g**2 - 7*g + 9. Calculate the remainder when 75 is divided by w(4).
10
Let r(k) = 2*k. Let d be r(0). Let o(v) = -v**2 + 2*v + 21. What is the remainder when 61 is divided by o(d)?
19
Let x(z) = z**3 + 15*z**2 + 21*z + 13. Calculate the remainder when x(-13) is divided by 16.
14
Let z(t) = t**2 - 5*t - 2. Let b be z(4). Let r be (2/4)/(3/b). What is the remainder when (0 + 0 + -1)/r is divided by 1?
0
Let u(k) = -42*k**3 + 2*k**2 - 1. Calculate the remainder when u(-1) is divided by 15.
13
Let h be 2 - (0 + 3 + -1). Suppose -5*o - 12 = -7*o. Let i = o - h. What is the remainder when 17 is divided by i?
5
Let o = -24 + 40. Suppose o = -r + 3*r. What is the remainder when 21 is divided by r?
5
Suppose 0 = 3*f - 44 - 1. What is the remainder when 88 is divided by f?
13
Suppose -15 - 21 = -3*c. Calculate the remainder when c is divided by (90/60)/(3/16).
4
Let j(x) = 2*x - 4. Let c(v) be the third derivative of -v**4/6 - v**3/6 - 5*v**2. Calculate the remainder when c(-4) is divided by j(6).
7
Let i(r) = -2*r - 3. What is the remainder when 10 is divided by i(-3)?
1
What is the remainder when 57 is divided by -1*(-4)/(-8)*2*-20?
17
Let j(w) = 5*w + 3*w**2 - 4 - 2*w**2 + 1. Calculate the remainder when j(-10) is divided by 16.
15
Suppose 0 = -9*d + 190 + 287. What is the remainder when d is divided by 27?
26
Let i = 12 - 3. What is the remainder when 24 is divided by i?
6
Let q = -8 + 115. Suppose 2*r + q = -5*g, -5*r - g - 317 = -5*g. Let w = r + 107. Calculate the remainder when w is divided by 16.
14
Let w = -149 - -166. Calculate the remainder when 65 is divided by w.
14
Let s(d) = d + 12. Suppose -t - 2*w + 20 = 3*t, -4*w = -8. What is the remainder when t is divided by s(-10)?
0
Suppose -63 = -3*o + 2*q, -2*q + 1 - 7 = 0. What is the remainder when 94 is divided by o?
18
Let m be -1 + (1 + -5 - -1). What is the remainder when 44 is divided by m/10 + 585/25?
21
Let a(n) = -8*n - 1. Let q = 3 + -1. Suppose r + q = -0. Calculate the remainder when 43 is divided by a(r).
13
Suppose -4*h - 295 - 357 = 0. What is the remainder when 27 is divided by (-4)/(-22) + h/(-11)?
12
Calculate the remainder when (-6)/10 + 1274/65 is divided by 5.
4
Suppose -7*y = -4*y - 33. Let z = 13 - 9. What is the remainder when y is divided by z?
3
Let q(n) = 2*n**2 - 7*n - 8. Calculate the remainder when 41 is divided by q(6).
19
Suppose 20 = z + 4*z, 5*z = -3*q + 35. Calculate the remainder when q is divided by (6/18)/((-2)/(-18)).
2
Let v(p) = p + 13. Let d be v(-9). Suppose -l - 6 = 5*m - 23, d*m - 18 = -3*l. What is the remainder when m is divided by 2?
1
Suppose -3*t - 2*d - 3*d = -68, 5*d + 10 = 0. Calculate the remainder when 102 is divided by t.
24
Let b(t) = 5*t**2 - 3*t - 3. What is the remainder when 22 is divided by b(-1)?
2
Let w(c) = c**2 + c - 3. What is the remainder when w(5) is divided by 7?
6
Let w(b) = 6*b**2 + b. Suppose -4*x = 3*j - 5, -6*j + 3*j - x - 1 = 0. Calculate the remainder when 13 is divided by w(j).
3
Suppose 0 = i - b - 16, -6*i + 2*i = 3*b - 92. What is the remainder when i is divided by (-2 - (-1 + 6))*-1?
6
Suppose -3 = -2*n + 9. Calculate the remainder when n/21 + (-26)/(-7) is divided by 3.
1
Let l = 16 - 7. Suppose 2*p = -5*c - 34, -5*c = 5*p - p + 48. Calculate the remainder when l is divided by (-2 + p/(-1))*1.
4
Let v(c) = c**2 + 6*c + 5. Let l be v(-5). Suppose -4*w + 40 + 16 = l. Let o(y) = 3*y - 28. Calculate the remainder when w is divided by o(12).
6
Suppose -4 = -2*u + 3*z - 2*z, z + 4 = 3*u. Suppose u = -5*f - 0*f + 35. What is the remainder when 19 is divided by f?
5
Calculate the remainder when 2/(3 - (2 + -1)) is divided by 1.
0
Let b = -29 + 41. What is the remainder when 32 is divided by b?
8
Let u(n) = 4*n**3 + 2*n**2 + n. Let m be u(-1). Let v be -1 + ((-2)/2 - m). Calculate the remainder when 5*6 - v/1 is divided by 10.
9
Let i be (-27)/(-15) + 1/(-15)*-3. Suppose -13 = -4*k + 7. Suppose 3*j - 8*b + 4*b + 11 = 0, -5*j + k = -i*b. What is the remainder when 10 is divided by j?
1
Let j = -4 - -4. Suppose -2*o + 93 = -5*f, -4*f + j*o = 2*o + 60. What is the remainder when 0 + (-2 + f)/(-1) is divided by 7?
5
Suppose 39 = x + 6. What is the remainder when x is divided by 18?
15
Let s = -110 - -218. Suppose 3*q - 76 = 5*t, t = -7*q + 2*q + s. Calculate the remainder when 42 